Is 2877638789 prime?
False
Is 33461738099 composite?
False
Is 2294672399 a prime number?
False
Is 17800337 prime?
False
Is 967464929 composite?
True
Is 106105533059 prime?
False
Is 2210887607 prime?
False
Is 31555599743 prime?
True
Is 54785250367 a prime number?
True
Is 1698712627 prime?
True
Is 975679361 composite?
False
Is 110630461 a composite number?
True
Is 945802523 a prime number?
True
Is 26696108029 a prime number?
False
Is 2909921473 a prime number?
False
Is 305600213 a prime number?
True
Is 17041777603 prime?
True
Is 1320917639 prime?
False
Is 1710802459 composite?
False
Is 499877041 a composite number?
False
Is 10557841519 composite?
True
Is 4081707449 a prime number?
True
Is 32786740517 a composite number?
False
Is 4825323331 a prime number?
False
Is 176278411 composite?
False
Is 4266507197 composite?
False
Is 4864888103 prime?
True
Is 25383675151 a composite number?
True
Is 209865647 a composite number?
True
Is 730401587 a composite number?
True
Is 187216349 a prime number?
True
Is 13607389585 composite?
True
Is 146010791 a composite number?
False
Is 90598238723 prime?
True
Is 3360998129 a prime number?
True
Is 3999255167 prime?
True
Is 4609742847 a composite number?
True
Is 318054577 prime?
True
Is 960291719 prime?
True
Is 578757043 prime?
False
Is 3449965529 prime?
True
Is 123187669 a prime number?
False
Is 218958167 composite?
False
Is 80892674735 prime?
False
Is 11575053797 composite?
False
Is 5097722339 a prime number?
False
Is 14262444169 composite?
False
Is 35242061711 a composite number?
False
Is 81637747 composite?
True
Is 116834398037 a composite number?
True
Is 4569127949 composite?
True
Is 67289385623 a prime number?
False
Is 44687413523 a composite number?
True
Is 3128697701 composite?
True
Is 1149159413 prime?
True
Is 1164604121 composite?
True
Is 321103411 prime?
False
Is 809102423 composite?
True
Is 8735289799 composite?
False
Is 379061693 a prime number?
True
Is 18405968389 prime?
False
Is 612593879 prime?
False
Is 76994635241 a composite number?
True
Is 2260909229 a composite number?
False
Is 17010626 a composite number?
True
Is 1827316319 a prime number?
False
Is 31580965477 prime?
True
Is 7064936965 a composite number?
True
Is 787163173 prime?
True
Is 2207536303 a prime number?
False
Is 78193879 prime?
False
Is 1451056303 prime?
True
Is 13639405649 a composite number?
False
Is 1694059933 a prime number?
False
Is 31722793 a composite number?
True
Is 133419509 composite?
False
Is 6200358751 a prime number?
True
Is 40683439897 composite?
False
Is 1746740749 prime?
False
Is 740965273 a prime number?
True
Is 663207653 a prime number?
True
Is 52354934147 prime?
False
Is 595883611 a composite number?
True
Is 605100523 a prime number?
False
Is 3638983279 prime?
True
Is 7906099 composite?
False
Is 24500591077 prime?
True
Is 5354551963 a composite number?
False
Is 515357891 a prime number?
True
Is 3938064821 prime?
True
Is 540874307 composite?
True
Is 964906277 a composite number?
False
Is 843738227 a prime number?
False
Is 68531318601 a prime number?
False
Is 4626894094 composite?
True
Is 58436569459 a prime number?
False
Is 262159705 composite?
True
Is 6806976581 prime?
True
Is 40028455001 a composite number?
True
Is 1367786179 a prime number?
True
Is 1117925519 composite?
False
Is 880958203 composite?
False
Is 376237159127 a composite number?
True
Is 1900212863 composite?
False
Is 115166303 composite?
True
Is 1701122471 composite?
True
Is 2001481637 composite?
True
Is 1770294593 prime?
True
Is 58847647289 a composite number?
True
Is 3895050481 prime?
False
Is 2849524499 prime?
False
Is 516184979 prime?
False
Is 2875623991 a prime number?
False
Is 625740197 a prime number?
True
Is 16816075867 composite?
False
Is 51116995669 a composite number?
False
Is 3580616339 composite?
True
Is 28761023587 a composite number?
True
Is 7719053443 composite?
False
Is 378972824731 a composite number?
True
Is 848089987 composite?
True
Is 86070667 composite?
False
Is 10580035481 prime?
False
Is 95775285745 prime?
False
Is 1718437874 a composite number?
True
Is 599478073 a composite number?
True
Is 297412861 composite?
False
Is 4028537927 composite?
False
Is 16287828443 a prime number?
True
Is 4651838717 prime?
False
Is 21549419 prime?
False
Is 61929061421 a composite number?
True
Is 11904714473 a composite number?
True
Is 5594851167 prime?
False
Is 11655376269 composite?
True
Is 13642983953 a prime number?
False
Is 4001202493 a prime number?
True
Is 239321288237 prime?
True
Is 29307969214 a prime number?
False
Is 144370613659 a composite number?
False
Is 490993157 composite?
False
Is 6777510527 a prime number?
True
Is 16429429761 composite?
True
Is 1223837161 composite?
False
Is 141092889157 a composite number?
True
Is 11632285319 prime?
False
Is 105731471 composite?
False
Is 60340796129 a prime number?
True
Is 2268325867 a composite number?
False
Is 15681342703 a prime number?
False
Is 2636295799 a prime number?
False
Is 29418383863 a prime number?
False
Is 1855693241 composite?
False
Is 7346228183 prime?
False
Is 198600473 a composite number?
False
Is 8897853313 a composite number?
False
Is 11986755317 a prime number?
True
Is 3277327619 a prime number?
False
Is 19773583217 a prime number?
True
Is 6962743897 composite?
True
Is 364417139 a composite number?
False
Is 3560620459 prime?
False
Is 10443086 a prime number?
False
Is 66719239 a composite number?
False
Is 2216983553 a composite number?
False
Is 912573917 a prime number?
False
Is 6413112217 composite?
False
Is 35439668777 prime?
True
Is 30068633389 composite?
True
Is 4645311313 a composite number?
False
Is 6260349103 prime?
False
Is 2790605039 prime?
True
Is 2457206281 prime?
True
Is 116265403523 composite?
True
Is 476506501 a composite number?
False
Is 685204297 prime?
False
Is 53243992099 prime?
False
Is 332424857 a composite number?
False
Is 3662022107 a prime number?
True
Is 1004791423 composite?
False
Is 14950864493 a prime number?
False
Is 11463524077 a prime number?
False
Is 1296234077 composite?
False
Is 372778753 a composite number?
False
Is 20417095603 prime?
True
Is 1054589567 prime?
False
Is 2309659823 prime?
True
Is 596827391 composite?
True
Is 345059149 a composite number?
True
Is 2637414641 a prime number?
False
Is 3170851943 a composite number?
True
Is 26209854809 a composite number?
False
Is 1620018149 a composite number?
False
Is 152183821 composite?
False
Is 1492669979 prime?
True
Is 862728289 prime?
True
Is 262887461 prime?
True
Is 36067009229 a composite number?
False
Is 82425331834 a composite number?
True
Is 199177177 a prime number?
False
Is 10325512289 a composite number?
True
Is 477218741 composite?
True
Is 353787911 a prime number?
True
Is 203740067 prime?
False
Is 70134959 composite?
False
Is 1890828829 prime?
True
Is 420794909 prime?
True
Is 5858435829 prime?
False
Is 309658335149 a prime number?
True
Is 455555801 a prime number?
True
Is 14862103051 a composite number?
False
Is 667715083 composite?
True
Is 878609089 a composite number?
False
Is 13425433057 composite?
True
Is 311328223 composite?
False
Is 1334026807 composite?
False
Is 12182493781 composite?
True
Is 176245732027 composite?
False
Is 9037112497 a composite number?
True
Is 2453614937 a composite number?
False
Is 7774946629 composite?
False
Is 9850183181 composite?
True
Is 35441721943 a prime number?
False
Is 12088122337 prime?
False
Is 32311733879 a composite number?
False
Is 5209494337 prime?
True
Is 28454806639 prime?
False
Is 273231107 a composite number?
True
Is 10819273351 a prime number?
True
Is 21400518193 composite?
False
Is 14660350247 composite?
True
Is 6036290639 prime?
False
Is 2297591377 composite?
True
Is 462955553 a composite number?
True
Is 214170049 a composite number?
True
Is 529918357 prime?
True
Is 244881451 composite?
True
Is 130066371521 a prime number?
True
Is 5152816069 composite?
False
Is 13187966741 composite?
False
Is 257228767 a composite number?
True
Is 14015295139 composite?
False
Is 42240067979 prime?
True
Is 180340220219 a prime number?
True
Is 60956716853 prime?
True
Is 567099229 a composite number?
True
Is 12992464367 prime?
False
Is 170232550807 prime?
False
Is 11864461157 a prime number?
False
Is 285631678709 a prime number?
False
Is 4963291241 prim